4)/((-5)/(-10))?
10
Let p(t) = t**3 - 4*t**2 - 3. Let c = 18 - 0. What is the remainder when p(6) is divided by c?
15
Suppose 0 = x + 2*x - 21. What is the remainder when 20 is divided by x?
6
Suppose 4*k = 31 - 11. Suppose -k - 10 = -3*o. Let p = 9 - o. Calculate the remainder when p is divided by 2.
0
Let x(g) = g**3 - 15*g + 18*g + 6*g**2 + 6 - 12*g. What is the remainder when 59 is divided by x(-7)?
19
Suppose 0*g = 4*g + 636. Let c be 1/(2 - (-315)/g). Suppose -o + 4*b = -25, -o = -0*o + 3*b - c. Calculate the remainder when o is divided by 14.
13
Let f(y) = -y**3 + 7*y**2 - 4*y + 1. Let q(u) = 7*u**2 + 4*u. What is the remainder when q(-3) is divided by f(6)?
12
Let n(d) = -d**3 - 8*d**2 - 11*d - 6. Calculate the remainder when 86 is divided by n(-7).
20
Suppose 6*h - 2*h + 2*w = 48, -h + 2*w = -2. Calculate the remainder when h is divided by 4.
2
Let j = -245 + 357. Calculate the remainder when j is divided by 19.
17
Let k(o) = 11*o - 31. What is the remainder when k(7) is divided by 16?
14
Suppose -i + 5*p = -2*i + 18, 0 = -3*i - 4*p - 1. Let g(a) = a + 10. Let n be g(i). Suppose n + 3 = 3*s. Calculate the remainder when 7 is divided by s.
1
Suppose -25 = -o + 31. Calculate the remainder when o is divided by 19.
18
Suppose 3*k - 479 + 179 = -5*p, -198 = -2*k - 4*p. Suppose 0 = -h - 0*h + 27. What is the remainder when k is divided by h?
24
Suppose -4*z + 52 + 288 = 0. Let c = z - 51. What is the remainder when c is divided by (1 - -2)/(1/4)?
10
Suppose x + 4*x - 35 = 0. What is the remainder when 20 is divided by x?
6
Let l(v) = v**3 + 9*v**2 + 14*v + 10. Calculate the remainder when 68 is divided by l(-7).
8
Suppose 2*w - 3*w + 48 = 0. What is the remainder when w is divided by 15?
3
Let f = 20 - 16. What is the remainder when 14 is divided by f?
2
Let y = 0 + 15. Suppose -o - 54 = -3*o + 3*j, -4*o + j = -98. What is the remainder when (-688)/o*(-6)/4 is divided by y?
13
Let u be 6*-3 - (1 - 0). Let m = 6 - -21. Let t = u + m. What is the remainder when 15 is divided by t?
7
Let w = 9 + 33. What is the remainder when w is divided by (-12)/(-9) + 87/9?
9
Let i be 1*(4 - (-1 - -1)). Suppose i = h + 2*x - 0*x, 4*h - 11 = -3*x. Let s(r) = -17*r + 55. What is the remainder when s(3) is divided by h?
0
Suppose 0 = 2*i + 2*i - 56. Suppose -4*k + 19 = 2*d - 7, -4*k + 41 = 5*d. Calculate the remainder when i is divided by k.
2
Let v(w) = w**3 - 23*w**2 - 24*w + 9. Calculate the remainder when v(24) is divided by 4.
1
Let d(g) = -2*g - 5. Let i = -4 - 1. Let u be d(i). Calculate the remainder when ((-2 - -3) + 3)*u is divided by 11.
9
Let h(t) = -2*t**3 - 22*t**2 + 22*t - 10. What is the remainder when 124 is divided by h(-12)?
12
Suppose x - 3*h - 35 = 0, 7*x - 3*x - 2*h = 90. What is the remainder when 74 is divided by x?
14
Let j(l) = -2*l**2 + 12*l + 1. Calculate the remainder when j(6) is divided by 1.
0
Suppose 0 = 2*f - 59 + 9. Suppose 3*w = f - 1. What is the remainder when 68/3 - 4/(-12) is divided by w?
7
Let g = -7 + 13. Calculate the remainder when g is divided by (-17)/(-4) - 15/60.
2
Let b(o) = o. Let c be b(4). Let d(t) = 2*t - 4. Let k be d(c). Calculate the remainder when ((-16)/(-6))/(k/6) is divided by 3.
1
Suppose 30 = 5*k - 30. What is the remainder when 3/9 + 208/6 is divided by k?
11
Suppose -o - 20 = -4*q, -4*o + 0*o = 0. Calculate the remainder when (q - 4) + 11 + 0 is divided by 5.
2
Let p = -201 - -213. What is the remainder when 299 is divided by p?
11
Let j = 231 - 103. Let l = -74 + j. Calculate the remainder when l is divided by 28.
26
Suppose 26 = 4*i - 30. What is the remainder when 37 is divided by i?
9
Suppose -5*c = -7*c + 20. What is the remainder when c is divided by 7?
3
Suppose 0 = 5*v + 3*i - 104, 2*i + 84 = 4*v + 4*i. What is the remainder when v is divided by 6?
4
What is the remainder when 42 is divided by 1 + 0 - 50/(-5)?
9
Suppose 0 = -a + 3*t + 68, 5*a + 0*a = 5*t + 310. What is the remainder when a is divided by 15/(-10) + 1 - 123/(-6)?
19
Suppose 5*a - 2*r = 14, 0*a + 3*r - 1 = 2*a. Let d be (1/(-1))/(a/(-8)). What is the remainder when (17/3)/(d/6) is divided by 9?
8
Let u = 1 + 1. Suppose -28 = -3*n - r, u*n + 6*r = r + 10. Suppose -s + 2*t = -0 - n, -34 = -3*s + 4*t. Calculate the remainder when 26 is divided by s.
12
Suppose 0 = 12*x - 497 + 65. Calculate the remainder when 66 is divided by x.
30
Suppose 0*f + f = 28. What is the remainder when f is divided by 8?
4
Let z(q) = -8*q - 17. Suppose 0 = -w + 2, 2*r - 3*w - 24 = -w. What is the remainder when z(-9) is divided by r?
13
Calculate the remainder when 7 + (-230)/35 + 326/7 is divided by 10.
7
Let k(f) = f + 4. Let a be k(-3). Let s = -63 - -69. Calculate the remainder when s is divided by 4/(a + (-1 - -1)).
2
Calculate the remainder when (-4)/(-2) + 364/13 is divided by (-11)/1*(1 - 2).
8
Calculate the remainder when 1773/117 + (-2)/13 is divided by 5.
0
Let s = -6 - -8. What is the remainder when (-4)/(-3) + s/3 is divided by 2?
0
Let s(k) = 2*k + 17. What is the remainder when 100 is divided by s(0)?
15
Let a = 13 + -12. Calculate the remainder when a is divided by 1.
0
Let w(c) = -c**3 - 4*c**2 + 4*c - 7. Let a be w(-5). Calculate the remainder when (-412)/(-12) + a/6 is divided by 18.
16
Let v(b) = 3*b - 4. Suppose 0 = -2*q + 4*q - 168. What is the remainder when q/(-16)*(-5 - -1) is divided by v(5)?
10
Calculate the remainder when 36 is divided by 3/(-5) + 265/25.
6
Suppose 4 = k + k. Let g(q) = 9*q**2 - 1. Calculate the remainder when g(k) is divided by 18.
17
Suppose 0 = 5*j + 4*d - 231, 3*d = -2*j + d + 94. Suppose 3*m - 77 = -4*a + 2*m, 2*a = -5*m + j. What is the remainder when 37 is divided by a?
18
Suppose -73 = -2*p + 29. Suppose -s + p = 2*s. What is the remainder when s is divided by 6?
5
Suppose 4*f = 141 + 103. Suppose 0 = 3*h + 5*d - f, -3*h - 4*d + 56 = -3. Calculate the remainder when 65 is divided by h.
14
Let p(x) = -x**3 - 4*x**2 - 4*x. Let a be p(-3). Suppose a*q - 102 = -0. What is the remainder when q is divided by 13 - (1 - (0 + 0))?
10
Suppose 0*z = z - 12. Suppose -25 = 4*a - 9, 0 = -3*s - 2*a - 20. Let c(y) = y**2 - 4*y + 2. What is the remainder when c(s) is divided by z?
10
Let x(p) = -p - 7. Suppose -a + 5*r = -0*a + 27, 0 = -3*a + 4*r - 26. Calculate the remainder when x(-12) is divided by 0 + 6 + a - 2.
1
Suppose 0 = 5*u, 3*u = -4*z + 6*u + 40. Suppose -2*t + 29 = -6*h + h, 2*h + 66 = 4*t. Calculate the remainder when t is divided by z.
7
Let q = -11 - -18. What is the remainder when q is divided by (-56)/(-7) + -4 + -2?
1
Suppose 10*z - 5*z + 2*l = 20, 5*z = 5*l + 55. Calculate the remainder when (-1)/((-87)/(-45) + -2) is divided by z.
3
Let m be (4 - 2)/((-2)/(-24)). Let f(a) = -2*a - 9. Let p be f(-6). Suppose -t + p*t - m = 0. Calculate the remainder when 22 is divided by t.
10
Let s = 128 - 91. Calculate the remainder when s is divided by 10.
7
Suppose 4*o - 32 + 0 = 0. Let x(n) = 2*n**3 - 5*n**2 - 2*n - 3. What is the remainder when x(4) is divided by o?
5
Let b = 12 + 3. Let h be -7*(2 - 0)/(-2). What is the remainder when -2 - 7/(h/(-30)) is divided by b?
13
Suppose -4*v + 182 = -3*u - 9, -u - 89 = 5*v. Let w(o) = 24*o - 3. Let r be w(-4). Let k = u - r. What is the remainder when k is divided by 16?
14
Let k = 28 + -20. Suppose 6 = 4*a + 2*g - 108, 3*a = g + 88. What is the remainder when a is divided by k?
5
Calculate the remainder when (6/4 - -2)/((-2)/(-56)) is divided by 25.
23
Suppose -3*w + 70 = -w. Calculate the remainder when w is divided by (-2)/(-7) + 82/7.
11
Suppose -3*k + 1 = 2*y - 2*k, 3*y + 3*k = 0. Calculate the remainder when 1 is divided by y.
0
Calculate the remainder when 24 is divided by 9*(-1)/(-3)*3.
6
Suppose -4*i + 4*a + 16 = 0, 4*a - 10 = -i - a. Suppose w = 4*w + 27. Let h = w + 18. Calculate the remainder when h is divided by i.
4
Suppose 2*z - 172 = 4*c, -5*z = -c - 185 - 209. Suppose 78 = 3*p - k, z = 3*p + k + k. Suppose -2*s + 23 = -5. Calculate the remainder when p is divided by s.
12
Suppose 4*h = s + 65, -4*s - s = -4*h + 85. Let l = h - 4. Calculate the remainder when 31 is divided by l.
9
Let k = -17 - -28. Let h(l) = -l**3 - 11*l**2 - 11*l - 4. Let p be h(-10). Suppose -4*u = p - 130. What is the remainder when u is divided by k?
9
Suppose 2*b - 4 = 